Let r = -130 - -220. Calculate the highest common factor of 30 and r.
30
Suppose 3*w = 3*a + 214 + 248, -2*a + 604 = 4*w. What is the highest common divisor of 19 and w?
19
Suppose 2*v = v + 320. Let i = 47 - 15. What is the greatest common divisor of i and v?
32
Suppose 2*f + f - 30 = 0. Let g(r) = r + 3. Let v be g(7). Let s = v - 0. Calculate the highest common divisor of f and s.
10
Let y = 125 - 54. Let v = 126 - y. Calculate the greatest common factor of v and 5.
5
Let t be (0 - 1)/(3/(-12)). Suppose 2*j - 31 = -r, -t*j + 0*j = -3*r + 73. What is the highest common factor of 9 and r?
9
Suppose 4*l = 2*l + 2. Let p(u) = u**2 + 3*u + 4. Let i be p(-4). Let m = i - 0. Calculate the greatest common divisor of l and m.
1
Suppose -2*y + 2772 = 12*y. What is the greatest common divisor of y and 18?
18
Let b be (0 + 1)/(-1) - -5. Suppose -132 = -b*j - 0*j. What is the highest common factor of j and 22?
11
Suppose -s + 0*s + 1 = 0. Suppose -2*d + 0*x = -4*x, 5*x = 5*d - 5. What is the greatest common factor of d and s?
1
Let w = 10 - 23. Let t be -4*2/4*w. What is the highest common factor of t and 65?
13
Suppose 7*z - 2*z - 10 = 0. Let d(k) = 5*k**2 - 5*k**2 - k**3 - 1 + 2*k**z. Let o be d(-2). What is the highest common divisor of o and 3?
3
Let x(t) = t**3 + t**2 - t + 2. Let p be x(0). Suppose 0 = -p*v - v + 15. What is the highest common factor of 35 and v?
5
Let y(c) = -c**2. Let u(i) = -4*i**2 - 11*i - 10. Let g(z) = u(z) - 3*y(z). Let r be g(-8). Let x = r + 1. Calculate the highest common factor of x and 120.
15
Suppose 4*q + 4 = 52. Calculate the highest common divisor of q and 6.
6
Let t = 426 - 273. Calculate the greatest common factor of t and 17.
17
Suppose 3*c - 10 + 28 = 0. Let l = -4 - c. Suppose l = -2*f + 20. What is the highest common factor of f and 3?
3
Suppose -4*r + 4*q = -164, -3*q = 3*r + q - 151. Let i be 90/(-25)*1*-5. Calculate the greatest common factor of i and r.
9
Suppose h + h = 420. What is the greatest common divisor of h and 35?
35
Let x be 6/3*5/2. Let k be (66/(-55))/((-2)/x). Let d be ((-2)/k)/(3/(-18)). What is the greatest common factor of d and 44?
4
Let s(p) = -30*p**3 - p. Let z be s(-1). Calculate the greatest common factor of 248 and z.
31
Let l(n) = 2*n**2 - 8*n - 12. Let p be l(-6). What is the greatest common factor of 48 and p?
12
Let i = 17 + -13. Let k = i - -5. What is the highest common divisor of k and 3?
3
Let h = -73 - -74. Calculate the highest common factor of h and 1.
1
Let r = 15 - -14. Suppose -5*u = 3*n - 42, -2*u - 13 - r = -3*n. Let o = -18 + 172. Calculate the highest common factor of o and n.
14
Suppose g - 48 = -0*g. Suppose 5*a = 4*a + 24. What is the highest common factor of a and g?
24
Suppose -5*a + 4 = 9, 3*z - 5*a - 95 = 0. What is the greatest common divisor of 60 and z?
30
Let s = -20 - -23. What is the highest common factor of 2 and s?
1
Let z be 1/(((-3)/8)/3). Let w = 22 + z. Calculate the greatest common factor of 14 and w.
14
Suppose 2*n = -w - 7, -2*w - 3*n - 18 = -3*w. Calculate the highest common divisor of 15 and w.
3
Let p(q) be the third derivative of q**5/60 + q**4/4 + q**3/3 - q**2. Let m be p(-4). Let k be 3/9 + (-106)/m. Calculate the highest common divisor of 6 and k.
6
Let a = 14 + 6. Suppose 0*u - 3*x - 60 = -3*u, 0 = 5*x - a. Calculate the greatest common divisor of 36 and u.
12
Let q(o) = o**3 + 6*o**2 - 17*o + 1. Let n be q(-8). Calculate the greatest common divisor of n and 63.
9
Let l be 3/1 + -1 + -5 + 16. Suppose 484 - 133 = 3*q. Calculate the greatest common factor of q and l.
13
Let d = 4 + 22. Calculate the highest common divisor of d and 130.
26
Let d = -97 + 237. Let k = -355 + 591. Let i = k - d. What is the highest common divisor of 12 and i?
12
Let q(i) = i**2 + 0*i + 0*i - 4. Let w be q(4). Suppose -w = 3*o, 4*o + 21 = s + 4*s. What is the greatest common factor of 3 and s?
1
Suppose 0 = x - 14 - 6. Suppose s + 20 = 160. What is the greatest common factor of x and s?
20
Suppose -21 = -3*c - 3*g, 4*g = c - 0*g + 13. Suppose c*k = 4*z, k + 3*z = -z - 16. Let r be (-6)/(-4)*k/(-3). Calculate the greatest common factor of 16 and r.
2
Let l(y) = 2*y**2 - 3*y - 3. Let q be l(3). Let u = 9 + -3. Suppose -12 = -c + u. What is the greatest common factor of c and q?
6
Let d be (9 + -12 + 7)/((-4)/(-98)). What is the highest common divisor of d and 245?
49
Let r(k) = 7*k**2. Let p be r(-4). Let f be 167/(-3) + 5/(-15). Let z be ((-3)/(-6))/((-2)/f). What is the greatest common factor of p and z?
14
Suppose -4*f + 2 = -5*f. Let b be 2 + (f - -3)*58. Suppose -6*w = -9*w + 36. Calculate the highest common divisor of w and b.
12
Let f(m) = 2*m**3 - 5*m**2 - 4*m + 10. Let s = -16 - -20. Let k be f(s). What is the greatest common divisor of k and 28?
14
Suppose 5*f - s = -2, s + 4 = 4*f + 3*s. Suppose j + f*j = 12. Calculate the greatest common divisor of 18 and j.
6
Let y be 33/12 + (14/(-8) - -2). What is the highest common factor of y and 9?
3
Suppose -3*b + 13 = 2*s, 5*s + b - 24 = 28. Let i(t) = t**2 - 9*t - 4. Let a be i(s). What is the greatest common divisor of a and 2?
2
Suppose 0*x + 120 = 5*x. Calculate the greatest common factor of 60 and x.
12
Suppose -2 - 5 = -y - 2*k, 5*y + 35 = 4*k. Let w be (2 - (3 + y)) + 13. What is the greatest common divisor of 6 and w?
3
Let j = 61 - 52. What is the greatest common factor of j and 9?
9
Let q be -2 + 104 + 1 + -3. Calculate the greatest common divisor of q and 40.
20
Let a(j) be the second derivative of -j**4/12 + j**3/2 - 3*j. Let x be a(2). Let r be (-2)/(-5) + 3/5. What is the greatest common factor of x and r?
1
Let t be 0/(-2 + 2 + 3). Suppose p - 42 - 21 = t. Calculate the greatest common divisor of p and 9.
9
Let g = 13 - 3. Let y = g - 5. Suppose s + 20 = y*s. Calculate the greatest common factor of 55 and s.
5
Suppose -6*c + 60 = -c + 3*i, c = -5*i + 12. Suppose k + 5 = c. Calculate the highest common divisor of 49 and k.
7
Let l(y) = -8*y + 1. Let b be l(-7). What is the greatest common divisor of 38 and b?
19
Suppose -q = x - 2*q - 5, 5 = -q. Let v = 11 - x. Calculate the greatest common factor of v and 11.
11
Let a be -3 + 74/26 + (-1564)/(-26). What is the highest common factor of a and 150?
30
Suppose 7*o - 4*o = 216. Let w be (-2)/(-9) + (-420)/(-54). What is the greatest common factor of w and o?
8
Let y = 37 + -13. Suppose 0*z + 5*z = 30. Let h be (-4 + z)/(1/3). What is the greatest common factor of y and h?
6
Let r = -238 + 283. Suppose 2*g - 16 = -2*g. Suppose -n + 70 = 4*j, -4*j = -j - g*n - 62. What is the greatest common factor of r and j?
9
Let m be (-220)/(-165) - ((-718)/(-3))/(-2). Calculate the highest common divisor of m and 11.
11
Let k be (0 + -1)*(-95)/5. Let r be (0 - -1)*(-1976)/(-13). Calculate the greatest common factor of r and k.
19
Let z = 3 + -3. Suppose a + 2*a - 30 = z. Let c be 4/a - 165/(-25). What is the highest common divisor of c and 14?
7
Let p(k) = -k**3 - 8*k**2 - k + 5. Let g be p(-8). Suppose -q = 9 + g. Let a be (1/(-2))/(1/q). What is the highest common factor of a and 44?
11
Let u(f) = -f**2 + 13*f - 29. Let t be u(4). Calculate the greatest common factor of 21 and t.
7
Let h(v) = -v**2 + 5*v + 1. Let s be h(6). Let m = s - -6. Suppose 5*j + 4*x = 4*j + 13, -5*j + 33 = 4*x. What is the highest common divisor of m and j?
1
Let a = -69 + 179. Calculate the greatest common divisor of a and 44.
22
Let g(t) be the second derivative of 0 - 7/6*t**3 - 1/12*t**4 - 3/2*t**2 - 2*t. Let h be g(-3). What is the highest common divisor of 81 and h?
9
Let r(d) = d**2 - 6*d - 10. Let j be ((-4)/6)/(3/(-36)). Let t be r(j). Calculate the greatest common factor of 4 and t.
2
Let y(u) = 3 - 2 + 0 + 2*u**3 - u**2. Let h be y(1). Calculate the greatest common factor of 2 and h.
2
Let b = 3 + 2. Let o = -19 + 48. Suppose 0 = 4*s + 5*g - g - 36, -b*s + o = g. Calculate the greatest common divisor of 10 and s.
5
Suppose -2*w - 2*p = -3*w + 54, 0 = -5*w - 3*p + 244. Calculate the highest common divisor of w and 10.
10
Let y be (18 - 5/(-5))/1. What is the highest common divisor of y and 19?
19
Let w(v) = v**3 - 3*v**2 - 8*v + 5. Let r be w(5). Let y(z) = z**2 + z + 120. Let t be y(0). Calculate the greatest common factor of t and r.
15
Let w(b) = -6*b - 7. Let o be 